{"id":538,"date":"2017-07-18T10:44:32","date_gmt":"2017-07-18T08:44:32","guid":{"rendered":"http:\/\/www.art-ex.sk\/WordPress\/?page_id=538"},"modified":"2017-07-18T12:10:10","modified_gmt":"2017-07-18T10:10:10","slug":"fot_mer_reg","status":"publish","type":"page","link":"http:\/\/www.art-ex.sk\/?page_id=538","title":{"rendered":"Meranie a regul\u00e1cia"},"content":{"rendered":"<div id=\"grid-gallery-3-26619\" data-gg-id=\"3\" data-title=\"Fot_Mer_Reg\" data-grid-type=\"0\" data-offset=\"0\" data-area-position=\"center\" data-icons=\"\" data-preloader=\"true\" data-width=\"215\" data-height=\"215\" data-padding=\"0\" data-quicksand=\"disabled\" data-quicksand-duration=\"none\" data-popup-theme=\"theme_6\" data-popup-type=\"pretty-photo\" data-popup-image-text=\"data-caption\" data-popup-widthsize=\"auto\" data-popup-heightsize=\"auto\" data-popup-i18n-words=\"{&quot;close&quot;:&quot;close&quot;,&quot;next&quot;:&quot;next&quot;,&quot;previous&quot;:&quot;previous&quot;,&quot;start_slideshow&quot;:&quot;start slideshow&quot;,&quot;stop_slideshow&quot;:&quot;stop slideshow&quot;,&quot;image&quot;:&quot;image&quot;,&quot;of&quot;:&quot;of&quot;,&quot;prev&quot;:&quot;prev&quot;,&quot;cExpand&quot;:&quot;Expand&quot;,&quot;cPrevious&quot;:&quot;Previous&quot;,&quot;cNext&quot;:&quot;Next&quot;,&quot;cExpandStr&quot;:&quot;Expand the image&quot;,&quot;cRotate&quot;:&quot;Rotate&quot;,&quot;cDetails&quot;:&quot;Details&quot;}\" data-popup-slideshow=\"false\" data-popup-slideshow-speed=\"2500\" data-popup-hoverstop=\"false\" data-popup-slideshow-auto=\"false\" data-popup-background=\"\" data-popup-transparency=\"30\" data-popup-disable-history=\"\" data-popup-disable-changed-url=\"\" data-popup-border-type=\"\" data-popup-border-color=\"\" data-popup-border-width=\"\" data-popup-border-enable=\"\" data-fullscreen=\"false\" data-hide-tooltip=\"false\" data-caption-font-family=\"Default\" data-caption-text-size=\"140\" data-is-mobile=\"0\" data-caption-mobile=\"false\" data-hide-long-tltp-title=\"0\" data-caption-disabled-on-mobile=\"false\" data-popup-placement-type=\"0\" data-social-sharing=\"{&quot;enabled&quot;:&quot;&quot;,&quot;gallerySharing&quot;:{&quot;enabled&quot;:null,&quot;position&quot;:null},&quot;imageSharing&quot;:{&quot;enabled&quot;:null,&quot;wrapperClass&quot;:&quot; vertical &quot;},&quot;popupSharing&quot;:{&quot;enabled&quot;:null,&quot;wrapperClass&quot;:&quot; vertical &quot;}}\" class=\"grid-gallery grid-gallery-fixed \" style=\" width:100%; height:auto; margin-left:auto; margin-right:auto;position:relative;\"> <div class=\"gallery-loading\"> <div class=\"blocks\"> <div class=\"block\"><\/div> <div class=\"block\"><\/div> <div class=\"block\"><\/div> <div class=\"block\"><\/div> <\/div> <\/div> <div class=\"gallery-sharing-top\" style=\"display:none;\"> <\/div> <div id=\"photos-3\" class=\"grid-gallery-photos\"><FIGURE class=\"grid-gallery-caption\" data-grid-gallery-type=\"revolving-door-left\" data-index=\"0\" style=\"display:none;border-radius:00;; margin:0px; width:2150;\" ><div class=\"crop\" style=\" width:2150; height:2150; overflow:hidden;\"><img decoding=\"async\" src=\"http:\/\/www.art-ex.sk\/wp-content\/uploads\/2017\/07\/Meranie-tlaku-215x215.jpg\" class=\"ggImg\" alt=\"Meranie tlaku\" title=\"Meranie tlaku\" data-description=\"Meranie tlaku\" data-caption=\"Meranie tlaku\" data-title=\"Meranie tlaku\" style=\" width:215px; height:215px;\" \/><\/div><FIGCAPTION class=\"\" data-alpha=\"5\" style=\"color:#ffffff; background-color:#0a076d; font-size:140; text-align:left; font-family:Default;\" ><div class=\"grid-gallery-figcaption-wrap\" style=\"\"><\/div><\/FIGCAPTION><\/FIGURE><FIGURE class=\"grid-gallery-caption\" data-grid-gallery-type=\"revolving-door-left\" data-index=\"1\" style=\"display:none;border-radius:00;; margin:0px; width:2150;\" ><div class=\"crop\" style=\" width:2150; height:2150; overflow:hidden;\"><img decoding=\"async\" src=\"http:\/\/www.art-ex.sk\/wp-content\/uploads\/2017\/07\/Meranie-statick\u00e9ho-a-diferen\u010dn\u00e9ho-tlaku-215x215.jpg\" class=\"ggImg\" alt=\"Meranie statick\u00e9ho a diferen\u010dn\u00e9ho tlaku\" title=\"Meranie statick\u00e9ho a diferen\u010dn\u00e9ho tlaku\" data-description=\"Meranie statick\u00e9ho a diferen\u010dn\u00e9ho tlaku\" data-caption=\"Meranie statick\u00e9ho a diferen\u010dn\u00e9ho tlaku\" data-title=\"Meranie statick\u00e9ho a diferen\u010dn\u00e9ho tlaku\" style=\" width:215px; height:215px;\" \/><\/div><FIGCAPTION class=\"\" data-alpha=\"5\" style=\"color:#ffffff; background-color:#0a076d; font-size:140; text-align:left; font-family:Default;\" ><div class=\"grid-gallery-figcaption-wrap\" style=\"\"><\/div><\/FIGCAPTION><\/FIGURE><FIGURE class=\"grid-gallery-caption\" data-grid-gallery-type=\"revolving-door-left\" data-index=\"2\" style=\"display:none;border-radius:00;; margin:0px; width:2150;\" ><div class=\"crop\" style=\" width:2150; height:2150; overflow:hidden;\"><img decoding=\"async\" src=\"http:\/\/www.art-ex.sk\/wp-content\/uploads\/2017\/07\/Meranie-rosn\u00e9ho-bodu-215x215.jpg\" class=\"ggImg\" alt=\"Meranie rosn\u00e9ho bodu\" title=\"Meranie rosn\u00e9ho bodu\" data-description=\"Meranie rosn\u00e9ho bodu\" data-caption=\"Meranie rosn\u00e9ho bodu\" data-title=\"Meranie rosn\u00e9ho bodu\" style=\" width:215px; height:215px;\" \/><\/div><FIGCAPTION class=\"\" data-alpha=\"5\" style=\"color:#ffffff; background-color:#0a076d; font-size:140; text-align:left; font-family:Default;\" ><div class=\"grid-gallery-figcaption-wrap\" style=\"\"><\/div><\/FIGCAPTION><\/FIGURE><FIGURE class=\"grid-gallery-caption\" data-grid-gallery-type=\"revolving-door-left\" data-index=\"3\" style=\"display:none;border-radius:00;; margin:0px; width:2150;\" ><div class=\"crop\" style=\" width:2150; height:2150; overflow:hidden;\"><img decoding=\"async\" src=\"http:\/\/www.art-ex.sk\/wp-content\/uploads\/2017\/07\/Meranie-prietoku-Floboss-215x215.jpg\" class=\"ggImg\" alt=\"Meranie prietoku Floboss\" title=\"Meranie prietoku Floboss\" data-description=\"Meranie prietoku Floboss\" data-caption=\"Meranie prietoku Floboss\" data-title=\"Meranie prietoku Floboss\" style=\" width:215px; height:215px;\" \/><\/div><FIGCAPTION class=\"\" data-alpha=\"5\" style=\"color:#ffffff; background-color:#0a076d; font-size:140; text-align:left; font-family:Default;\" ><div class=\"grid-gallery-figcaption-wrap\" style=\"\"><\/div><\/FIGCAPTION><\/FIGURE><FIGURE class=\"grid-gallery-caption\" data-grid-gallery-type=\"revolving-door-left\" data-index=\"4\" style=\"display:none;border-radius:00;; margin:0px; width:2150;\" ><div class=\"crop\" style=\" width:2150; height:2150; overflow:hidden;\"><img decoding=\"async\" src=\"http:\/\/www.art-ex.sk\/wp-content\/uploads\/2017\/07\/Regula\u010dn\u00fd-ventil-s-Fieldvue-215x215.jpg\" class=\"ggImg\" alt=\"Regula\u010dn\u00fd ventil s FieldVue\" title=\"Regula\u010dn\u00fd ventil s FieldVue\" data-description=\"Regula\u010dn\u00fd ventil s FieldVue\" data-caption=\"Regula\u010dn\u00fd ventil s FieldVue\" data-title=\"Regula\u010dn\u00fd ventil s FieldVue\" style=\" width:215px; height:215px;\" \/><\/div><FIGCAPTION class=\"\" data-alpha=\"5\" style=\"color:#ffffff; background-color:#0a076d; font-size:140; text-align:left; font-family:Default;\" ><div class=\"grid-gallery-figcaption-wrap\" style=\"\"><\/div><\/FIGCAPTION><\/FIGURE><FIGURE class=\"grid-gallery-caption\" data-grid-gallery-type=\"revolving-door-left\" data-index=\"5\" style=\"display:none;border-radius:00;; margin:0px; width:2150;\" ><div class=\"crop\" style=\" width:2150; height:2150; overflow:hidden;\"><img decoding=\"async\" src=\"http:\/\/www.art-ex.sk\/wp-content\/uploads\/2017\/07\/Anal\u00fdza-plynu-chromatograf-controller-215x215.jpg\" class=\"ggImg\" alt=\"Anal\u00fdza plynu - chromatograf controller\" title=\"Anal\u00fdza plynu - chromatograf controller\" data-description=\"Anal\u00fdza plynu - chromatograf controller\" data-caption=\"Anal\u00fdza plynu - chromatograf controller\" data-title=\"Anal\u00fdza plynu - chromatograf controller\" style=\" width:215px; height:215px;\" \/><\/div><FIGCAPTION class=\"\" data-alpha=\"5\" style=\"color:#ffffff; background-color:#0a076d; font-size:140; text-align:left; font-family:Default;\" ><div class=\"grid-gallery-figcaption-wrap\" style=\"\"><\/div><\/FIGCAPTION><\/FIGURE><FIGURE class=\"grid-gallery-caption\" data-grid-gallery-type=\"revolving-door-left\" data-index=\"6\" style=\"display:none;border-radius:00;; margin:0px; width:2150;\" ><div class=\"crop\" style=\" width:2150; height:2150; overflow:hidden;\"><img decoding=\"async\" src=\"http:\/\/www.art-ex.sk\/wp-content\/uploads\/2017\/07\/Anal\u00fdza-plynu-chromatograf-danalyz\u00e9r-2-215x215.jpg\" class=\"ggImg\" alt=\"Anal\u00fdza plynu chromatograf danalyz\u00e9r 2\" title=\"Anal\u00fdza plynu chromatograf danalyz\u00e9r 2\" data-description=\"Anal\u00fdza plynu chromatograf danalyz\u00e9r 2\" data-caption=\"Anal\u00fdza plynu chromatograf danalyz\u00e9r 2\" data-title=\"Anal\u00fdza plynu chromatograf danalyz\u00e9r 2\" style=\" width:215px; height:215px;\" \/><\/div><FIGCAPTION class=\"\" data-alpha=\"5\" style=\"color:#ffffff; background-color:#0a076d; font-size:140; text-align:left; font-family:Default;\" ><div class=\"grid-gallery-figcaption-wrap\" style=\"\"><\/div><\/FIGCAPTION><\/FIGURE><FIGURE class=\"grid-gallery-caption\" data-grid-gallery-type=\"revolving-door-left\" data-index=\"7\" style=\"display:none;border-radius:00;; margin:0px; width:2150;\" ><div class=\"crop\" style=\" width:2150; height:2150; overflow:hidden;\"><img decoding=\"async\" src=\"http:\/\/www.art-ex.sk\/wp-content\/uploads\/2017\/07\/Anal\u00fdza-plynu-chromatograf-danalyz\u00e9r-215x215.jpg\" class=\"ggImg\" alt=\"Anal\u00fdza plynu chromatograf danalyz\u00e9r\" title=\"Anal\u00fdza plynu chromatograf danalyz\u00e9r\" data-description=\"Anal\u00fdza plynu chromatograf danalyz\u00e9r\" data-caption=\"Anal\u00fdza plynu chromatograf danalyz\u00e9r\" data-title=\"Anal\u00fdza plynu chromatograf danalyz\u00e9r\" style=\" width:215px; height:215px;\" \/><\/div><FIGCAPTION class=\"\" data-alpha=\"5\" style=\"color:#ffffff; background-color:#0a076d; font-size:140; text-align:left; font-family:Default;\" ><div class=\"grid-gallery-figcaption-wrap\" style=\"\"><\/div><\/FIGCAPTION><\/FIGURE><FIGURE class=\"grid-gallery-caption\" data-grid-gallery-type=\"revolving-door-left\" data-index=\"8\" style=\"display:none;border-radius:00;; margin:0px; width:2150;\" ><div class=\"crop\" style=\" width:2150; height:2150; overflow:hidden;\"><img decoding=\"async\" src=\"http:\/\/www.art-ex.sk\/wp-content\/uploads\/2017\/07\/Meranie-plynu-anal\u00fdza-prietok-a-rosn\u00fd-bod-v-jednom-rozv\u00e1dza\u010di-215x215.jpg\" class=\"ggImg\" alt=\"Meranie plynu, anal\u00fdza, prietok a rosn\u00fd bod v jednom rozv\u00e1dza\u010di\" title=\"Meranie plynu, anal\u00fdza, prietok a rosn\u00fd bod v jednom rozv\u00e1dza\u010di\" data-description=\"Meranie plynu, anal\u00fdza, prietok a rosn\u00fd bod v jednom rozv\u00e1dza\u010di\" data-caption=\"Meranie plynu, anal\u00fdza, prietok a rosn\u00fd bod v jednom rozv\u00e1dza\u010di\" data-title=\"Meranie plynu, anal\u00fdza, prietok a rosn\u00fd bod v jednom rozv\u00e1dza\u010di\" style=\" width:215px; height:215px;\" \/><\/div><FIGCAPTION class=\"\" data-alpha=\"5\" style=\"color:#ffffff; background-color:#0a076d; font-size:140; text-align:left; font-family:Default;\" ><div class=\"grid-gallery-figcaption-wrap\" style=\"\"><\/div><\/FIGCAPTION><\/FIGURE><FIGURE class=\"grid-gallery-caption\" data-grid-gallery-type=\"revolving-door-left\" data-index=\"9\" style=\"display:none;border-radius:00;; margin:0px; width:2150;\" ><div class=\"crop\" style=\" width:2150; height:2150; overflow:hidden;\"><img decoding=\"async\" src=\"http:\/\/www.art-ex.sk\/wp-content\/uploads\/2017\/07\/Prepo\u010d\u00edtava\u010d-plynu-Floboss-215x215.jpg\" class=\"ggImg\" alt=\"Prepo\u010d\u00edtava\u010d plynu Floboss\" title=\"Prepo\u010d\u00edtava\u010d plynu Floboss\" data-description=\"Prepo\u010d\u00edtava\u010d plynu Floboss\" data-caption=\"Prepo\u010d\u00edtava\u010d plynu Floboss\" data-title=\"Prepo\u010d\u00edtava\u010d plynu Floboss\" style=\" width:215px; height:215px;\" \/><\/div><FIGCAPTION class=\"\" data-alpha=\"5\" style=\"color:#ffffff; background-color:#0a076d; font-size:140; text-align:left; font-family:Default;\" ><div class=\"grid-gallery-figcaption-wrap\" style=\"\"><\/div><\/FIGCAPTION><\/FIGURE><FIGURE class=\"grid-gallery-caption\" data-grid-gallery-type=\"revolving-door-left\" data-index=\"10\" style=\"display:none;border-radius:00;; margin:0px; width:2150;\" ><div class=\"crop\" style=\" width:2150; height:2150; overflow:hidden;\"><img decoding=\"async\" src=\"http:\/\/www.art-ex.sk\/wp-content\/uploads\/2017\/07\/Prepo\u010d\u00edtava\u010d-plynu-Solartron-215x215.jpg\" class=\"ggImg\" alt=\"Prepo\u010d\u00edtava\u010d plynu Solartron\" title=\"Prepo\u010d\u00edtava\u010d plynu Solartron\" data-description=\"Prepo\u010d\u00edtava\u010d plynu Solartron\" data-caption=\"Prepo\u010d\u00edtava\u010d plynu Solartron\" data-title=\"Prepo\u010d\u00edtava\u010d plynu Solartron\" style=\" width:215px; height:215px;\" \/><\/div><FIGCAPTION class=\"\" data-alpha=\"5\" style=\"color:#ffffff; background-color:#0a076d; font-size:140; text-align:left; font-family:Default;\" ><div class=\"grid-gallery-figcaption-wrap\" style=\"\"><\/div><\/FIGCAPTION><\/FIGURE><FIGURE class=\"grid-gallery-caption\" data-grid-gallery-type=\"revolving-door-left\" data-index=\"11\" style=\"display:none;border-radius:00;; margin:0px; width:2150;\" ><div class=\"crop\" style=\" width:2150; height:2150; overflow:hidden;\"><img decoding=\"async\" src=\"http:\/\/www.art-ex.sk\/wp-content\/uploads\/2017\/07\/Prep\u00ednanie-plynu-z-flia\u0161-pre-chromatograf-215x215.jpg\" class=\"ggImg\" alt=\"Prep\u00ednanie plynu z flia\u0161 pre chromatograf\" title=\"Prep\u00ednanie plynu z flia\u0161 pre chromatograf\" data-description=\"Prep\u00ednanie plynu z flia\u0161 pre chromatograf\" data-caption=\"Prep\u00ednanie plynu z flia\u0161 pre chromatograf\" data-title=\"Prep\u00ednanie plynu z flia\u0161 pre chromatograf\" style=\" width:215px; height:215px;\" \/><\/div><FIGCAPTION class=\"\" data-alpha=\"5\" style=\"color:#ffffff; background-color:#0a076d; font-size:140; text-align:left; font-family:Default;\" ><div class=\"grid-gallery-figcaption-wrap\" style=\"\"><\/div><\/FIGCAPTION><\/FIGURE><FIGURE class=\"grid-gallery-caption\" data-grid-gallery-type=\"revolving-door-left\" data-index=\"12\" style=\"display:none;border-radius:00;; margin:0px; width:2150;\" ><div class=\"crop\" style=\" width:2150; height:2150; overflow:hidden;\"><img decoding=\"async\" src=\"http:\/\/www.art-ex.sk\/wp-content\/uploads\/2017\/07\/Signaliz\u00e1cia-prietoku-plynu-do-chromatografu-215x215.jpg\" class=\"ggImg\" alt=\"Signaliz\u00e1cia prietoku plynu do chromatografu\" title=\"Signaliz\u00e1cia prietoku plynu do chromatografu\" data-description=\"Signaliz\u00e1cia prietoku plynu do chromatografu\" data-caption=\"Signaliz\u00e1cia prietoku plynu do chromatografu\" data-title=\"Signaliz\u00e1cia prietoku plynu do chromatografu\" style=\" width:215px; height:215px;\" \/><\/div><FIGCAPTION class=\"\" data-alpha=\"5\" style=\"color:#ffffff; background-color:#0a076d; font-size:140; text-align:left; font-family:Default;\" ><div class=\"grid-gallery-figcaption-wrap\" style=\"\"><\/div><\/FIGCAPTION><\/FIGURE> <div class=\"grid-gallery-clearfix\"><\/div> <\/div> <div class=\"gallery-sharing-bottom\" style=\"display:none;\"> <\/div> <div class=\"gallery-sharing-image\" style=\"display:none;\"> <\/div> <div class=\"gallery-sharing-popup\" style=\"display:none;\"> <\/div> <div class=\"grid-gallery-clearfix\"><\/div> <\/div> <!-- Gallery by Supsystic plugin1.15.31 --><a title=\"Gallery Wordpress\" style=\"display:none;\" href=\"https:\/\/supsystic.com\/plugins\/photo-gallery\/?utm_medium=love_link\" target=\"_blank\">Gallery Wordpress<\/a>\n","protected":false},"excerpt":{"rendered":"","protected":false},"author":1,"featured_media":0,"parent":0,"menu_order":0,"comment_status":"closed","ping_status":"closed","template":"","meta":{"footnotes":""},"class_list":["post-538","page","type-page","status-publish","hentry"],"_links":{"self":[{"href":"http:\/\/www.art-ex.sk\/index.php?rest_route=\/wp\/v2\/pages\/538","targetHints":{"allow":["GET"]}}],"collection":[{"href":"http:\/\/www.art-ex.sk\/index.php?rest_route=\/wp\/v2\/pages"}],"about":[{"href":"http:\/\/www.art-ex.sk\/index.php?rest_route=\/wp\/v2\/types\/page"}],"author":[{"embeddable":true,"href":"http:\/\/www.art-ex.sk\/index.php?rest_route=\/wp\/v2\/users\/1"}],"replies":[{"embeddable":true,"href":"http:\/\/www.art-ex.sk\/index.php?rest_route=%2Fwp%2Fv2%2Fcomments&post=538"}],"version-history":[{"count":4,"href":"http:\/\/www.art-ex.sk\/index.php?rest_route=\/wp\/v2\/pages\/538\/revisions"}],"predecessor-version":[{"id":560,"href":"http:\/\/www.art-ex.sk\/index.php?rest_route=\/wp\/v2\/pages\/538\/revisions\/560"}],"wp:attachment":[{"href":"http:\/\/www.art-ex.sk\/index.php?rest_route=%2Fwp%2Fv2%2Fmedia&parent=538"}],"curies":[{"name":"wp","href":"https:\/\/api.w.org\/{rel}","templated":true}]}}