{"id":58,"date":"2017-05-10T15:41:53","date_gmt":"2017-05-10T13:41:53","guid":{"rendered":"http:\/\/www.art-ex.sk\/WordPress\/?page_id=58"},"modified":"2026-01-21T13:54:17","modified_gmt":"2026-01-21T11:54:17","slug":"kariera","status":"publish","type":"page","link":"http:\/\/www.art-ex.sk\/?page_id=58","title":{"rendered":"Kari\u00e9ra"},"content":{"rendered":"<ul>\n<li>\n<h4><span style=\"color: #000000;\"><strong>Pomocn\u00fd mont\u00e1\u017enik<\/strong> &#8211; pre viac info kliknite <a href=\"http:\/\/www.art-ex.sk\/wp-content\/uploads\/2024\/03\/Inzer\u00e1t_Pomocn\u00fd-mont\u00e1\u017enik.pdf\" target=\"_blank\" rel=\"noopener noreferrer\">sem<\/a><\/span><\/h4>\n<\/li>\n<li>\n<h4><span style=\"color: #000000;\"><strong>Pomocn\u00fd program\u00e1tor PLC<\/strong> &#8211; pre viac info kliknite <\/span><a href=\"http:\/\/www.art-ex.sk\/wp-content\/uploads\/2024\/03\/Inzer\u00e1t_Pomocn\u00fd-program\u00e1tor-PLC.pdf\" target=\"_blank\" rel=\"noopener noreferrer\">sem<\/a><\/h4>\n<\/li>\n<\/ul>\n","protected":false},"excerpt":{"rendered":"<p>Pomocn\u00fd mont\u00e1\u017enik &#8211; pre viac info kliknite sem Pomocn\u00fd program\u00e1tor PLC &#8211; pre viac info kliknite sem<\/p>\n","protected":false},"author":1,"featured_media":0,"parent":0,"menu_order":0,"comment_status":"closed","ping_status":"closed","template":"","meta":{"footnotes":""},"class_list":["post-58","page","type-page","status-publish","hentry"],"_links":{"self":[{"href":"http:\/\/www.art-ex.sk\/index.php?rest_route=\/wp\/v2\/pages\/58","targetHints":{"allow":["GET"]}}],"collection":[{"href":"http:\/\/www.art-ex.sk\/index.php?rest_route=\/wp\/v2\/pages"}],"about":[{"href":"http:\/\/www.art-ex.sk\/index.php?rest_route=\/wp\/v2\/types\/page"}],"author":[{"embeddable":true,"href":"http:\/\/www.art-ex.sk\/index.php?rest_route=\/wp\/v2\/users\/1"}],"replies":[{"embeddable":true,"href":"http:\/\/www.art-ex.sk\/index.php?rest_route=%2Fwp%2Fv2%2Fcomments&post=58"}],"version-history":[{"count":32,"href":"http:\/\/www.art-ex.sk\/index.php?rest_route=\/wp\/v2\/pages\/58\/revisions"}],"predecessor-version":[{"id":1090,"href":"http:\/\/www.art-ex.sk\/index.php?rest_route=\/wp\/v2\/pages\/58\/revisions\/1090"}],"wp:attachment":[{"href":"http:\/\/www.art-ex.sk\/index.php?rest_route=%2Fwp%2Fv2%2Fmedia&parent=58"}],"curies":[{"name":"wp","href":"https:\/\/api.w.org\/{rel}","templated":true}]}}